 + 10 = o. Let a = o - 5. Suppose -a*t + 199 = 2*u, 17 = -t - u + 85. What is the highest common divisor of t and 7?
7
Let s = 77 - 47. Let b = -184 + 177. Let t be b*8/(-280) - 298/(-10). What is the highest common factor of s and t?
30
Suppose -6*z = 11*z + 1564. Let c = -82 - z. Calculate the greatest common factor of 25 and c.
5
Let w be ((-40)/(-14))/(12/42). Suppose 13*p - w*p = 6. Calculate the highest common divisor of p and 16.
2
Let l be 3/4 + 0 + (-879)/(-12). Let v be l + (5 + -3 - 4). What is the highest common divisor of v and 24?
24
Let j(p) = 65*p + 40. Let o(g) = -5*g - 3. Let v = -56 - -96. Let b(a) = v*o(a) + 3*j(a). Let y be b(-7). What is the greatest common factor of 14 and y?
7
Let u be (-78*1)/(-1*1/4). Suppose -u = -5*y + 2*r + 82, -r + 3 = 0. What is the highest common factor of y and 10?
10
Let r be 4/((-16)/(-20)) - 0. Suppose a - 54 = -r*a. Calculate the greatest common factor of 18 and a.
9
Suppose 2*b = o + 76, 2*o + 0*b = -b - 142. Let n be o/10*(-280)/21. Let g be 3/(((-4)/16)/(-1)). What is the greatest common divisor of g and n?
12
Let o be ((-62)/(-12))/((-96)/(-1728)). Calculate the greatest common divisor of o and 589.
31
Let b(r) = r**2 + 13*r - 30. Let y be b(-25). Suppose d + 5*t - y = 0, -4*d + 501 = -2*d - 3*t. What is the highest common factor of d and 51?
51
Let n be (-4)/((6/(-4))/3). Let f(p) = p**3 + 14*p**2 + 23*p - 2. Let q be f(-12). Let c = q - 2. Calculate the highest common factor of n and c.
8
Suppose -32*t + 168*t = 2856. What is the highest common factor of t and 399?
21
Let f(k) = k**2 - 6*k + 17. Let d(b) = -4*b. Let t be d(-1). Let j be f(t). Calculate the greatest common divisor of j and 27.
9
Suppose 15 = 3*n - 0*n. Let g(u) = 2*u + 28. Let t be g(-13). Suppose -t*m - 2*r = -4*m + 6, 2*r + 2 = 0. Calculate the greatest common factor of n and m.
1
Suppose -3*g + 4*g - 3*u - 16 = 0, -g - 4*u = 12. Calculate the greatest common divisor of 100 and g.
4
Suppose 202 + 14 = 9*y. Calculate the greatest common divisor of y and 24.
24
Let t(v) = -3*v**3 - 149*v**2 + 41*v + 31. Let b be t(-50). Calculate the highest common divisor of b and 37.
37
Suppose 0 = -3*n - 2*t + 19, -3*n = -5*t - 14 + 9. Calculate the greatest common factor of 245 and n.
5
Let t(i) = i**3 - 5*i**2 - 5*i - 130. Let j be t(8). What is the highest common divisor of 946 and j?
22
Let i = -89 - -94. Suppose 47 = i*n - 8. What is the greatest common factor of 88 and n?
11
Suppose 5*f - 116 = -456. Let p be f/6*3/(-2). Calculate the greatest common divisor of p and 85.
17
Let h = 680 - 671. What is the greatest common factor of 729 and h?
9
Suppose u = o - 3 - 17, 3*o = -4*u + 67. Let f(a) = 5*a**2 - 5*a - 9. Let t be f(10). Suppose -t = -4*r + r. Calculate the highest common divisor of r and o.
21
Suppose 4*r + 192 = 64. Let k = r + 52. Calculate the highest common factor of 4 and k.
4
Let b be 5*(-4 + (-230)/(-5) + 5). What is the highest common divisor of b and 94?
47
Suppose 0 = -s - 4 + 31. Suppose 20*m - 18*m - 5*y - 162 = 0, 3*y = 0. What is the greatest common factor of m and s?
27
Let d = 8 + 6. Suppose 3*j - 4*j + 109 = 4*p, j + 125 = 5*p. Let i = 100 + p. Calculate the highest common divisor of i and d.
14
Let j = 38 - 4. Let k(l) = 7*l + 1. Let g be k(12). What is the greatest common factor of j and g?
17
Let h = 1123 - -1660. What is the greatest common factor of h and 23?
23
Suppose 4*m + 5*c - 36 = 0, 0 + 4 = -4*m + 5*c. Suppose m*h = h + 5*r + 11, -3*r = -6. Calculate the highest common divisor of 1 and h.
1
Let t be (-9)/6*(-40)/12. What is the greatest common factor of 10 and t?
5
Let c = 3052 + -1404. What is the highest common factor of 16 and c?
16
Let d be (-20)/15 + (68/6 - -4). What is the greatest common factor of 91 and d?
7
Suppose 3*r + 3*b - 369 = 0, -9*r + 3*b = -7*r - 231. Calculate the greatest common factor of r and 160.
40
Let z be (4 - 6/(-4)*-4)/1. Let u be 82/(-8)*(-24)/3 - z. Let i = 65 + -9. What is the greatest common factor of i and u?
28
Let o = -187 - -233. Calculate the highest common divisor of o and 782.
46
Suppose 5*y - 75 = 30. Let s be (-28)/((2/(-9))/(7/y)). Calculate the greatest common factor of 6 and s.
6
Let b = 0 - -12. Let d be 60/(-570) - (-4)/38. Suppose -3*r + b = -d*r. What is the greatest common divisor of r and 44?
4
Let y(x) = -4*x**2 - 214*x - 18. Let n be y(-53). Calculate the greatest common divisor of n and 319.
11
Let b(t) = 31*t - 5. Let v be b(3). Suppose 4*m - 5*k - 24 = 15, 5*k + 28 = 3*m. What is the greatest common divisor of m and v?
11
Let i be (-16)/(-3)*68 - (-1)/3. Suppose -o - 2*m + 6*m = -21, 5*o = 3*m + 156. Calculate the highest common factor of i and o.
33
Let h be ((-9)/6)/(6/(-796)). Let z = h - 334. Let r = z - -240. Calculate the greatest common factor of r and 15.
15
Let d be 599 + 4/(-1) + 2/(-2). Calculate the greatest common factor of 44 and d.
22
Let p(q) = q**2 - 4*q + 5. Let u be p(2). Let x be ((-116)/3)/u*-6. Calculate the greatest common factor of x and 29.
29
Let p = -336 - -238. Let q be (3/(-6))/(1/(-336)). Let l = p + q. What is the greatest common divisor of 10 and l?
10
Suppose 17*z = 11*z + 234. Let f be z - 7/14*(0 + 6). What is the greatest common divisor of f and 96?
12
Suppose 342 - 67 = 5*c. Suppose -2*r + 6*r = 88. Suppose -q + 0*q = -r. What is the highest common divisor of q and c?
11
Let t(v) = -12*v**3 - 2*v**2 - v. Let s be t(-1). Let z be s - (-16)/4 - 2. Calculate the highest common factor of 104 and z.
13
Let a(c) = 266*c + 21. Let v be a(2). Suppose 4*d - v = 23. Calculate the highest common factor of d and 96.
48
Suppose 15*p = 24*p - 7497. What is the greatest common divisor of 49 and p?
49
Let y be (3 - (1 - 2)) + 1. Suppose 3*a + 24 = -q - 3, -15 = 3*a + y*q. Let v be (-1 - 14/a)*990. Calculate the highest common divisor of v and 36.
36
Let w(o) = 30 - 9*o**2 - 16*o**3 + 9*o**3 + o + 6*o**3. Let z be w(-10). Calculate the highest common factor of z and 12.
12
Let l = -14 - 33. Let h = -37 - l. What is the greatest common factor of h and 70?
10
Let b = 11 - 0. Calculate the highest common factor of 176 and b.
11
Let v(w) = 2*w**3 + 31*w**2 + 15*w + 6. Let k be v(-15). Calculate the highest common factor of 6 and k.
6
Let t = -155 + 182. What is the highest common factor of t and 243?
27
Let a(r) = 4*r**3 - 2*r**2 + 1. Let y be a(1). Suppose -y*p = -38 + 2. What is the highest common factor of 3 and p?
3
Let v be (294/(-343))/(1/(-14)). What is the greatest common factor of 228 and v?
12
Suppose 4*y - z = 279 + 508, -376 = -2*y + 4*z. Let b be -4 + 7 - (-9 + 2). Let t be ((-36)/(-10))/(2/b). What is the greatest common factor of y and t?
18
Suppose 3 = 5*p - 37. Let x(w) = -w**3 + w + 5. Let a be x(0). Suppose 180 = a*u + 60. What is the highest common divisor of p and u?
8
Let r = 0 - 26. Let y(q) = -q**3 - 25*q**2 + 26*q + 62. Let k be y(r). Suppose 0*u - 186 = -2*u. What is the highest common factor of u and k?
31
Let f be 3/(-4 + (-2821)/(-700)). Calculate the greatest common divisor of f and 50.
50
Suppose 0 = 5*v - 2*m + 6 + 43, 5*v + 3*m = -64. Suppose -3*o + 0*o - 11 = 5*d, -3*d - 8 = 2*o. Let y = o - v. What is the greatest common divisor of y and 2?
2
Let q(a) = 3*a - 15. Suppose 19*m - 22*m + 30 = 0. Let w be q(m). What is the greatest common divisor of w and 60?
15
Let j(c) = 100*c**3 + 6*c**2 - 3*c + 1. Let h be j(1). Calculate the greatest common divisor of 338 and h.
26
Let z be (-652)/(-5) + 23/5 + -5. What is the greatest common factor of 78 and z?
26
Suppose -18*g = 2*g - 140. Calculate the highest common factor of 77 and g.
7
Suppose 303 + 177 = 3*q. Suppose 2*f - f = 5*b + 39, -4*f + 4*b = -236. Calculate the greatest common factor of f and q.
32
Let w be (-2)/12 + (-3044)/24. Let u = w - -816. Let h = u + -414. Calculate the greatest common factor of 25 and h.
25
Suppose -4*y - 45 = -61. Let f be ((-46)/y + 1)*88/(-66). Calculate the greatest common factor of f and 112.
14
Let y(l) be the first derivative of -6 + 13/2*l**2 + 0*l. Let o be y(5). Calculate the highest common divisor of o and 13.
13
Let p be 333/2*8/12. What is the greatest common divisor of p and 407?
37
Let j = 816 - 711. What is the greatest common divisor of 45 and j?
15
Let z(x) = -x**2 + 39*x + 47. Let u be z(